{"id":286,"date":"2023-01-08T21:05:03","date_gmt":"2023-01-08T18:05:03","guid":{"rendered":"https:\/\/boltekstil.com\/?post_type=product&#038;p=286"},"modified":"2025-05-17T14:27:28","modified_gmt":"2025-05-17T11:27:28","slug":"outlet-vizon-battal-spa-masaj-sedye-havlusu-150x220-cm","status":"publish","type":"product","link":"https:\/\/boltekstil.com\/index.php\/product\/outlet-vizon-battal-spa-masaj-sedye-havlusu-150x220-cm\/","title":{"rendered":"150&#215;220 cm outlet vizon battal spa masaj sedye havlusu"},"content":{"rendered":"<p>\u00dcR\u00dcN\u00dcM\u00dcZ OUTLET \u00dcR\u00dcND\u00dcR<br \/>\nDOKUMA HATALARI OLAB\u0130L\u0130R.<br \/>\nDI\u015e G\u0130Y\u0130M OLMAYAN BU \u00dcR\u00dcN\u00dcM\u00dcZDE DOKUMA HATALARI YIKAM A SONRASI SORUN OLMAZ<br \/>\nSADECE G\u00d6RSEL HATALARDIR.<br \/>\n\u00c7O\u011eUNDA HATA YOKTUR.<br \/>\n150X220 CM PAMUK-M\u0130KROF\u0130BER BANYO SPA SEDYE HAVLUSU.<br \/>\nKULLANIM Y\u00dcZ\u00dc OLAN \u0130\u00c7 Y\u00dcZ\u00dc PAMUK, DI\u015e Y\u00dcZ\u00dc KAD\u0130FED\u0130R.<\/p>\n","protected":false},"excerpt":{"rendered":"<p>150X220 V\u0130ZON SPA MASAJ SEDYE HAVLUSU.<\/p>\n","protected":false},"featured_media":287,"comment_status":"open","ping_status":"closed","template":"","meta":[],"product_brand":[],"product_cat":[60],"product_tag":[],"class_list":{"0":"post-286","1":"product","2":"type-product","3":"status-publish","4":"has-post-thumbnail","6":"product_cat-yatak-havlusu","8":"first","9":"outofstock","10":"sale","11":"taxable","12":"shipping-taxable","13":"purchasable","14":"product-type-simple"},"jetpack_sharing_enabled":true,"_links":{"self":[{"href":"https:\/\/boltekstil.com\/index.php\/wp-json\/wp\/v2\/product\/286","targetHints":{"allow":["GET"]}}],"collection":[{"href":"https:\/\/boltekstil.com\/index.php\/wp-json\/wp\/v2\/product"}],"about":[{"href":"https:\/\/boltekstil.com\/index.php\/wp-json\/wp\/v2\/types\/product"}],"replies":[{"embeddable":true,"href":"https:\/\/boltekstil.com\/index.php\/wp-json\/wp\/v2\/comments?post=286"}],"wp:featuredmedia":[{"embeddable":true,"href":"https:\/\/boltekstil.com\/index.php\/wp-json\/wp\/v2\/media\/287"}],"wp:attachment":[{"href":"https:\/\/boltekstil.com\/index.php\/wp-json\/wp\/v2\/media?parent=286"}],"wp:term":[{"taxonomy":"product_brand","embeddable":true,"href":"https:\/\/boltekstil.com\/index.php\/wp-json\/wp\/v2\/product_brand?post=286"},{"taxonomy":"product_cat","embeddable":true,"href":"https:\/\/boltekstil.com\/index.php\/wp-json\/wp\/v2\/product_cat?post=286"},{"taxonomy":"product_tag","embeddable":true,"href":"https:\/\/boltekstil.com\/index.php\/wp-json\/wp\/v2\/product_tag?post=286"}],"curies":[{"name":"wp","href":"https:\/\/api.w.org\/{rel}","templated":true}]}}