{"id":175,"date":"2022-06-15T16:27:59","date_gmt":"2022-06-15T13:27:59","guid":{"rendered":"https:\/\/boltekstil.com\/?post_type=product&#038;p=175"},"modified":"2026-01-16T13:02:01","modified_gmt":"2026-01-16T10:02:01","slug":"12-adet-siyah-kuafor-havlusu-boya-tutmayan-50x90-cm","status":"publish","type":"product","link":"https:\/\/boltekstil.com\/index.php\/product\/12-adet-siyah-kuafor-havlusu-boya-tutmayan-50x90-cm\/","title":{"rendered":"Boya Tutmayan Mikrofiber Kuaf\u00f6r Havlusu Siyah 12 Adet 50X90 cm"},"content":{"rendered":"<p>KUAF\u00d6RLER\u0130N TERC\u0130H ETT\u0130\u011e\u0130,<\/p>\n<p>BOYA TUTMAYAN, \u00c7OK SU \u00c7EKEN, \u00c7ABUK KURUYAN,<\/p>\n<p>ANT\u0130BAKTER\u0130YEL M\u0130KROF\u0130BER HAVLU<\/p>\n<p>50&#215;90 CM 12 ADET<\/p>\n","protected":false},"excerpt":{"rendered":"<p>KUAF\u00d6RLER\u0130N TERC\u0130H ETT\u0130\u011e\u0130, BOYA TUTMAYAN, \u00c7OK SU \u00c7EKEN, \u00c7ABUK KURUYAN, ANT\u0130BAKTER\u0130YEL M\u0130KROF\u0130BER HAVLU 50&#215;90 CM 12 ADET<\/p>\n","protected":false},"featured_media":218,"comment_status":"open","ping_status":"closed","template":"","meta":[],"product_brand":[],"product_cat":[59],"product_tag":[],"class_list":{"0":"post-175","1":"product","2":"type-product","3":"status-publish","4":"has-post-thumbnail","6":"product_cat-kuafor-havlusu","8":"first","9":"instock","10":"sale","11":"taxable","12":"shipping-taxable","13":"purchasable","14":"product-type-simple"},"jetpack_sharing_enabled":true,"_links":{"self":[{"href":"https:\/\/boltekstil.com\/index.php\/wp-json\/wp\/v2\/product\/175","targetHints":{"allow":["GET"]}}],"collection":[{"href":"https:\/\/boltekstil.com\/index.php\/wp-json\/wp\/v2\/product"}],"about":[{"href":"https:\/\/boltekstil.com\/index.php\/wp-json\/wp\/v2\/types\/product"}],"replies":[{"embeddable":true,"href":"https:\/\/boltekstil.com\/index.php\/wp-json\/wp\/v2\/comments?post=175"}],"wp:featuredmedia":[{"embeddable":true,"href":"https:\/\/boltekstil.com\/index.php\/wp-json\/wp\/v2\/media\/218"}],"wp:attachment":[{"href":"https:\/\/boltekstil.com\/index.php\/wp-json\/wp\/v2\/media?parent=175"}],"wp:term":[{"taxonomy":"product_brand","embeddable":true,"href":"https:\/\/boltekstil.com\/index.php\/wp-json\/wp\/v2\/product_brand?post=175"},{"taxonomy":"product_cat","embeddable":true,"href":"https:\/\/boltekstil.com\/index.php\/wp-json\/wp\/v2\/product_cat?post=175"},{"taxonomy":"product_tag","embeddable":true,"href":"https:\/\/boltekstil.com\/index.php\/wp-json\/wp\/v2\/product_tag?post=175"}],"curies":[{"name":"wp","href":"https:\/\/api.w.org\/{rel}","templated":true}]}}